1011 (base 2) to base 6
135
Convert 1011001 (base 2) to base 12.
75
What is 11 (base 2) in base 6?
3
Convert 9e (base 15) to base 2.
10010101
-98 (base 14) to base 6
-342
What is 5 (base 12) in base 15?
5
Convert -27 (base 11) to base 10.
-29
Convert 1 (base 15) to base 13.
1
2b (base 15) to base 14
2d
Convert 111110 (base 2) to base 6.
142
0 (base 11) to base 6
0
-31 (base 10) to base 14
-23
What is 24 (base 13) in base 10?
30
Convert 23 (base 9) to base 2.
10101
What is 2 (base 4) in base 6?
2
What is 45 (base 10) in base 4?
231
38 (base 11) to base 12
35
-11 (base 2) to base 16
-3
Convert 12 (base 3) to base 13.
5
What is 3 (base 13) in base 5?
3
What is -1 (base 7) in base 8?
-1
What is 3d (base 16) in base 8?
75
What is 0 (base 12) in base 4?
0
Convert 15 (base 9) to base 5.
24
Convert -101 (base 2) to base 3.
-12
2 (base 11) to base 2
10
4 (base 11) to base 14
4
12 (base 7) to base 5
14
What is 35 (base 11) in base 6?
102
Convert -3 (base 7) to base 5.
-3
What is 10 (base 6) in base 13?
6
What is 401 (base 9) in base 10?
325
-2 (base 8) to base 3
-2
What is 50 (base 6) in base 9?
33
-3 (base 11) to base 8
-3
What is -21 (base 12) in base 4?
-121
101 (base 2) to base 15
5
Convert -10 (base 4) to base 11.
-4
What is 145 (base 7) in base 4?
1102
3 (base 10) to base 16
3
What is -90 (base 10) in base 12?
-76
What is -1 (base 5) in base 8?
-1
Convert -4 (base 11) to base 9.
-4
Convert -63 (base 8) to base 5.
-201
b (base 14) to base 5
21
What is -3 (base 11) in base 6?
-3
What is -2 (base 9) in base 13?
-2
What is -2 (base 3) in base 2?
-10
11 (base 3) to base 2
100
d3 (base 15) to base 5
1243
What is -15 (base 7) in base 10?
-12
Convert 20 (base 11) to base 3.
211
Convert -2 (base 15) to base 9.
-2
-6 (base 12) to base 13
-6
94 (base 10) to base 3
10111
Convert 1 (base 11) to base 7.
1
What is 10 (base 14) in base 8?
16
What is -5 (base 12) in base 2?
-101
What is -22 (base 14) in base 13?
-24
-231 (base 4) to base 13
-36
110 (base 4) to base 16
14
Convert -200 (base 3) to base 10.
-18
Convert 1200 (base 3) to base 4.
231
Convert 54 (base 9) to base 16.
31
Convert 19 (base 10) to base 16.
13
What is 300 (base 4) in base 9?
53
1 (base 6) to base 15
1
Convert 57 (base 8) to base 5.
142
153 (base 8) to base 5
412
Convert 10011 (base 2) to base 16.
13
Convert -2 (base 6) to base 5.
-2
Convert 6 (base 15) to base 11.
6
-20 (base 3) to base 8
-6
What is -1 (base 9) in base 8?
-1
What is 32 (base 7) in base 11?
21
Convert -117 (base 8) to base 3.
-2221
-6 (base 7) to base 2
-110
-2 (base 3) to base 9
-2
-32 (base 4) to base 2
-1110
-2 (base 3) to base 8
-2
What is -3 (base 10) in base 14?
-3
Convert 23 (base 11) to base 13.
1c
-75 (base 11) to base 9
-101
2010 (base 4) to base 12
b0
-42 (base 6) to base 5
-101
What is 20 (base 7) in base 3?
112
What is 3 (base 8) in base 5?
3
Convert 1432 (base 5) to base 14.
134
8 (base 9) to base 3
22
What is d (base 15) in base 2?
1101
Convert 47 (base 14) to base 5.
223
Convert 58 (base 15) to base 10.
83
Convert -1033 (base 4) to base 6.
-211
What is -2 (base 3) in base 16?
-2
-14 (base 7) to base 6
-15
What is 3 (base 4) in base 10?
3
What is 101 (base 4) in base 8?
21
16d (base 16) to base 13
221
Convert -13 (base 7) to base 2.
-1010
2011 (base 3) to base 13
46
Convert -5 (base 12) to base 7.
-5
-3 (base 8) to base 3
-10
Convert 233 (base 4) to base 8.
57
What is 50 (base 8) in base 16?
28
What is -203 (base 5) in base 3?
-1222
Convert -5 (base 16) to base 14.
-5
What is -2300 (base 5) in base 4?
-11011
What is -112 (base 4) in base 16?
-16
What is 22 (base 10) in base 13?
19
-1 (base 10) to base 5
-1
What is -11111 (base 2) in base 16?
-1f
Convert -2 (base 6) to base 15.
-2
145 (base 7) to base 5
312
-25 (base 7) to base 5
-34
What is 11221 (base 3) in base 12?
b1
What is 22 (base 3) in base 6?
12
Convert 2 (base 3) to base 2.
10
What is a (base 13) in base 10?
10
-41 (base 14) to base 7
-111
Convert 1 (base 14) to base 11.
1
-1 (base 2) to base 6
-1
What is -43 (base 5) in base 4?
-113
-86 (base 12) to base 8
-146
3d (base 16) to base 4
331
-160 (base 11) to base 15
-c7
What is 110 (base 9) in base 6?
230
-1044 (base 6) to base 11
-202
Convert 0 (base 4) to base 5.
0
Convert -1 (base 16) to base 9.
-1
-101021 (base 3) to base 4
-10111
Convert -256 (base 8) to base 13.
-105
What is 1 (base 4) in base 9?
1
What is 612 (base 7) in base 13?
1a4
What is -4 (base 13) in base 4?
-10
Convert -3 (base 10) to base 8.
-3
Convert -78 (base 11) to base 7.
-151
Convert 12 (base 12) to base 2.
1110
-2 (base 11) to base 9
-2
What is 18 (base 14) in base 13?
19
What is 11100 (base 2) in base 4?
130
What is -101011000 (base 2) in base 4?
-11120
160 (base 12) to base 6
1000
4 (base 10) to base 16
4
-24 (base 8) to base 9
-22
What is 4a (base 11) in base 7?
105
Convert 4 (base 16) to base 2.
100
-120 (base 13) to base 5
-1240
10 (base 12) to base 4
30
a4 (base 15) to base 10
154
Convert 19 (base 14) to base 2.
10111
-24 (base 15) to base 9
-37
What is 221 (base 4) in base 7?
56
Convert 13 (base 11) to base 4.
32
What is -2 (base 4) in base 8?
-2
What is -1 (base 6) in base 3?
-1
-11 (base 6) to base 3
-21
What is 100 (base 3) in base 14?
9
Convert -2 (base 12) to base 16.
-2
What is -89 (base 11) in base 13?
-76
What is -1 (base 9) in base 12?
-1
Convert 100011 (base 2) to base 8.
43
What is 1 (base 8) in base 16?
1
What is 4 (base 13) in base 5?
4
What is -2 (base 5) in base 4?
-2
What is 97 (base 15) in base 9?
167
Convert -64 (base 7) to base 8.
-56
1001111 (base 2) to base 11
72
73 (base 10) to base 16
49
Convert -14 (base 5) to base 10.
-9
2 (base 6) to base 10
2
What is 0 (base 8) in base 15?
0
What is -101 (base 3) in base 15?
-a
Convert -430 (base 5) to base 12.
-97
Convert -13 (base 6) to base 12.
-9
Convert 66 (base 10) to base 16.
42
What is 134 (base 5) in base 10?
44
Convert 14 (base 6) to base 10.
10
Convert -a1 (base 16) to base 11.
-137
Convert -11 (base 6) to base 3.
-21
Convert -17 (base 13) to base 10.
-20
-1114 (base 5) to base 3
-12220
What is 1a (base 11) in base 6?
33
What is 10 (base 2) in base 15?
2
What is 6 (base 8) in base 6?
10
82 (base 14) to base 16
72
Convert 4 (base 15) to base 6.
4
Convert -20 (base 4) to base 10.
-8
-4 (base 14) to base 7
-4
Convert 9 (base 14) to base 8.
11
What is -1a (base 15) in base 4?
-121
-67 (base 10) to base 5
-232
Convert -8 (base 10) to base 13.
-8
What is 311 (base 5) in base 11?
74
What is 2 (base 8) in base 12?
2
Convert 1100 (base 3) to base 11.
33
Convert 2 (base 16) to base 4.
2
What is 63 (base 8) in base 4?
303
Convert -13 (base 15) to base 14.
-14
What is -120 (base 3) in base 5?
-30
Convert 1001 (base 2) to base 3.
100
60 (base 7) to base 6
110
16d (base 15) to base 13
1c3
-11 (base 3) to base 2
-100
What is 1 (base 2) in base 13?
1
What is -3 (base 6) in base 3?
-10
What is -31 (base 15) in base 6?
-114
Convert -3e (base 15) to base 8.
-73
52 (base 14) to base 6
200
1b (base 13) to base 9
26
Convert -5 (base 13) to base 12.
-5
Convert 110 (base 8) to base 4.
1020
What is 2 (base 15) in base 7?
2
Convert -9e (base 15) to base 5.
-1044
What is 25 (base 13) in base 8?
37
What is 4e (base 15) in base 13?
59
Convert -42 (base 6) to base 15.
-1b
Convert -4 (base 5) to base 11.
-4
-40 (base 15) to base 3
-2020
Convert -1111101 (base 2) to base 14.
-8d
Convert 18 (base 9) to base 12.
15
Convert 53 (base 11) to base 16.
3a
What is 1013 (base 5) in base 7?
250
What is -18 (base 13) in base 6?
-33
4 (base 16) to base 3
11
What is a (base 16) in base 10?
10
10111 (base 2) to base 10
23
-7 (base 14) to base 5
-12
What is 3 (base 16) in base 11?
3
What is -62 (base 8) in base 7?
-101
-5 (base 7) to base 11
-5
What is 1 (base 11) in base 13?
1
What is 116 (base 7) in base 4?
332
What is b (base 14) in base 12?
b
-3 (base 9) to base 13
-3
-2 (base 16) to base 10
-2
What is 1 (base 13) in base 12?
1
Convert -1 (base 11) to base 2.
-1
2 (base 4) to base 14
2
Convert 15 (base 11) to base 3.
121
Convert 1 (base 15) to base 16.
1
What is 2 (base 14) in base 15?
2
Convert 3 (base 11) to base 2.
11
Convert 15 (base 16) to base 13.
18
Convert 1 (base 2) to base 9.
1
19 (base 15) to base 4
120
Convert -6 (base 14) to base 7.
-6
Convert 210 (base 4) to base 15.
26
Convert 2